s the greatest common factor of y and p?
2
Suppose -66*w + 25 = -61*w. Suppose u - 153 = 3*m, -w*m = 4*u - 4*m - 651. What is the greatest common divisor of u and 18?
18
Let h(t) = t**3 + 7*t**2 - 10*t + 15. Let m be h(-8). Let g = -13 - -17. Suppose -5*x + 217 = -g*x. Calculate the greatest common factor of x and m.
31
Let c(f) = -75*f + 257. Let u be c(3). Calculate the greatest common divisor of u and 272.
16
Suppose -5*h + 205 = -4*h + x, -3*h + 635 = -x. What is the highest common factor of 240 and h?
30
Let z be 126/28*(8/(-12) + 2). Calculate the highest common divisor of z and 12.
6
Let f = 89 + -40. Let m(b) = -b**2 + 4*b + 4. Let w be (-3)/(-1 + 2) + 6. Let l be m(w). What is the highest common factor of l and f?
7
Suppose 4 = k - 8. Suppose 3*q = 13 + 239. Calculate the greatest common factor of k and q.
12
Suppose 0 = -4*u - 0*u - 5*s + 354, -2*u + 182 = 5*s. Suppose q = -0*q + 215. What is the highest common factor of u and q?
43
Let m = 30 - 12. Let n be (-4)/m - (-119)/9. What is the highest common divisor of n and 104?
13
Suppose 4*h = -5*p + 4, 0 = p + 5*h - 3*h - 2. Suppose p = 2*u + u - 204. Suppose -12*m + 54 + 150 = 0. What is the highest common factor of m and u?
17
Let l be 44 - ((2 - 0) + -4). Suppose 2*m - 3*c - l = -18, 5*m + c - 70 = 0. Calculate the highest common divisor of m and 2.
2
Suppose 0 = 677*c - 676*c - 550. Calculate the greatest common factor of c and 22.
22
Suppose 72 = 11*x - 71. What is the greatest common divisor of x and 13?
13
Let y be 49/7 + 1*-3. Suppose 2*x - a = y*a + 198, 0 = 5*a. Calculate the greatest common factor of x and 11.
11
Suppose 260 = 4*o - 4*b + 2*b, 2*b - 65 = -o. Suppose -2*n + 3*w + 49 = 0, o = 6*n - 3*n + 4*w. What is the highest common divisor of 92 and n?
23
Let a = 1094 - 1031. Calculate the greatest common divisor of 333 and a.
9
Suppose 4*t + 5*o - 52 = 0, 0 = 3*t - 6*t - 4*o + 39. What is the highest common divisor of 65 and t?
13
Let c(t) = -1 + t**2 + 7 + 2*t + t**2 + 3. Let o(u) = -u. Let n be o(-9). Let w be c(n). Calculate the greatest common divisor of w and 27.
27
Suppose 0 = n - 6*n + 10. Let o be -2 - (-620)/28 - (-2)/(-14). What is the greatest common divisor of n and o?
2
Suppose 0 = -4*h - 4*l + 44 - 4, 5*h = -l + 58. Let o be 5 - 6 - (-1 - 132). Suppose -3*g - o = -4*g. Calculate the greatest common divisor of g and h.
12
Let o(t) = 2*t**2 - 42*t + 14. Let c be o(21). What is the highest common factor of 5 and c?
1
Let f(g) = 20*g**2 + 1. Let z = 9 - 8. Let u be f(z). Suppose 4*h - 284 = 388. Calculate the greatest common divisor of h and u.
21
Let k = 1166 - 1041. What is the highest common factor of 25 and k?
25
Let s(z) = 2*z**2 - 17*z - 12. Let f be s(12). Let o(v) = v**3 - v**2 - 7*v - 12. Let t be o(4). Calculate the highest common divisor of t and f.
8
Let j = -125 - -229. Let c = 25 - 22. Suppose -c*l + 19 = -20. Calculate the greatest common divisor of j and l.
13
Let z(w) = -2*w + 13. Let y be z(4). Let h(s) = -s**2 + s + 10. Let u be h(0). Calculate the highest common divisor of u and y.
5
Suppose -5*k + 11 = -9. Calculate the highest common divisor of 14 and k.
2
Let o(d) = -4*d**3 + 58*d**2 + 31*d - 11. Let m be o(15). Calculate the highest common factor of m and 4.
4
Suppose 4*f - 11 = f - 4*b, -2*b = -4. Let c(w) = 7 + f - 4 + w**2 - 3*w. Let i be c(12). Calculate the highest common factor of i and 14.
14
Suppose 0 = g + 3*k - 43, -k = -2 - 0. Let s = -30 + 104. Calculate the highest common factor of g and s.
37
Suppose 5*v - 270 = -60. Let a be (-28)/v*162/(-4). What is the greatest common divisor of 9 and a?
9
Let b be (-1 + 3)/((-2)/(-5)). Let j(k) = -6*k + 12. Let i be j(13). Let y = 68 + i. What is the highest common factor of y and b?
1
Suppose 2*r - 1 = 35. Suppose 0 = -p - r + 6. Let u be (-4)/((-16)/p) - -10. What is the greatest common factor of u and 28?
7
Suppose 2*k + 4*k = 0. Suppose 3*t + 5*t - 480 = k. Calculate the greatest common divisor of 24 and t.
12
Let f be (-71 - -11)*(-4)/6. Suppose 2*r + 6 = -0*r. Let j = r + 13. What is the greatest common factor of j and f?
10
Let m(g) = g**3 + 14*g**2 + 10*g - 7. Let f = -52 - -39. Let x be m(f). Calculate the highest common factor of 48 and x.
16
Let x be 5 + (0 + -1)*5. Let y be (-1 - 89)*(4/(-5) - x). What is the greatest common factor of 9 and y?
9
Let f be 72/5 - (-4)/(-10). Suppose -n = -4*c - 0*n + f, -3*n = c - 10. Let x be c/2 - 96/(-3). Calculate the highest common factor of x and 51.
17
Let w(d) = -d**3 + 37*d**2 - 162*d + 80. Let u be w(32). Let i be 2 + (-1 - 0) + 114. Let t = -35 + i. Calculate the greatest common factor of u and t.
16
Let z be 79 + 12 - (-2)/2. What is the greatest common factor of z and 4?
4
Suppose -4*f + 12 = -0*f. Let x be 1/(-2)*f/((-3)/52). What is the greatest common factor of 182 and x?
26
Let w be (-2275)/13*(-24)/15. What is the greatest common divisor of 210 and w?
70
Let v be (-3063)/(-5) + (-16)/(-40). Let j = 14 - 11. Suppose -j*c - 4*s + 571 = 111, 5*s - v = -4*c. Calculate the highest common factor of c and 38.
38
Let k(a) = -a**3 + 5*a**2 + 5*a + 10. Let u(d) = -d**3 - 2*d**2 - 5*d - 5. Let n be u(-2). Let v be k(n). Calculate the greatest common divisor of 21 and v.
7
Suppose 0 = m + 2*v - 6*v - 6, 0 = -5*m + 4*v + 14. Suppose 3*r + 4*d = d + 42, -m*d - 84 = -5*r. Calculate the greatest common factor of r and 4.
4
Suppose -2*q + 5*k - 7 + 75 = 0, 66 = 2*q - 4*k. What is the greatest common factor of 116 and q?
29
Suppose 124 = 5*s - 331. Calculate the greatest common factor of 260 and s.
13
Let i(c) = -c**2 - 12*c + 16. Let j be i(-13). Suppose 4*p = -j*r + 79 + 5, 0 = -2*r + 5*p + 56. Calculate the greatest common factor of 196 and r.
28
Suppose 3*w = -j + 115, 5*j - 4*j = w - 45. What is the highest common factor of 180 and w?
20
Let m be (1 - -1)*(-36)/(-8). Let q(g) = -16 - m*g - g**3 + 10 - 10*g + 16*g**2. Let k be q(14). What is the greatest common factor of 15 and k?
15
Let x(h) = h**3 - 2*h**2 - 2*h - 1. Let a be x(-1). Let o be (-5 - a) + (-366)/((-4)/4). What is the highest common factor of o and 33?
33
Let m be 218/(-6) + (-3)/(-9). Let o be (9/m)/(2/(-16)). Suppose -5*a - 21 = -o*u - 0*a, 23 = 3*u + a. Calculate the greatest common divisor of u and 4.
4
Suppose 5*c + 0*m - 260 = 2*m, 0 = -4*m. Calculate the highest common factor of 234 and c.
26
Suppose -2*c - 5 = -29. Suppose 0 = -4*h + 5 - 1. Let f be (h + 116/c)*3. What is the greatest common factor of 4 and f?
4
Let s be 1/2 - (-119)/(-2). Let o = -33 - s. Let x be 18/(-6)*13/(-1). What is the highest common divisor of o and x?
13
Suppose -184 = -14*f + 180. Suppose -8 = 4*y - 2*y, 3*i - 636 = 3*y. What is the greatest common factor of f and i?
26
Let l(f) = f**3 - 18*f**2 + 22. Let o = -20 - -38. Let s be l(o). Calculate the greatest common factor of s and 33.
11
Let j be (-2)/3*36/24*-9. What is the greatest common factor of j and 981?
9
Suppose -35 = -3*i + 2*i. Let k = -17 - -24. Calculate the greatest common divisor of i and k.
7
Suppose -12 = 2*s - 4, -2*a + 2*s + 26 = 0. Let f = -88 - -160. What is the highest common divisor of f and a?
9
Let v be ((-36)/(-15))/(-3*1/(-20)). Suppose v = 2*o - 32. What is the highest common divisor of 8 and o?
8
Suppose 0 = 4*f + 6*c - 2*c, -f = -c - 8. Suppose g - f*g - 15 = 0, -3*x + 5*g + 403 = 0. Calculate the greatest common factor of 14 and x.
14
Let z(j) = -j**3 - 11*j - 48. Let r be z(-5). What is the greatest common factor of r and 176?
44
Suppose 0 = 3*u - 7 - 8. Suppose c + c - 23 = q, 0 = -u*q + 3*c - 108. Let n = q + 26. Calculate the highest common factor of n and 25.
5
Suppose 36*j = 5*j + 310. What is the greatest common divisor of j and 40?
10
Let f be 2 + -2 - (-14 - 118). What is the highest common factor of 99 and f?
33
Suppose 4 = 3*s + 4*v - 3, 3*v + 21 = 3*s. Suppose p - s*m = -10*m + 6, -2*p + 30 = 4*m. What is the highest common factor of 105 and p?
21
Let d = 2827 + -2793. Let j = 73 + -39. Calculate the highest common divisor of j and d.
34
Suppose -3*v - 10*w + 7*w = -1815, -2*v - 4*w + 1202 = 0. Calculate the greatest common divisor of v and 58.
29
Let p(q) = q**3 + 23*q**2 + 22*q - 4. Let f be p(-22). Let s(l) = -7*l + 4. Let n be s(f). Suppose 5*x + 2 = 402. What is the greatest common factor